{"id":117,"date":"2024-03-10T10:16:35","date_gmt":"2024-03-10T10:16:35","guid":{"rendered":"https:\/\/development3.frank-miller.gmbh\/?page_id=117"},"modified":"2025-10-08T20:50:27","modified_gmt":"2025-10-08T20:50:27","slug":"abteilung-leichtathletik","status":"publish","type":"page","link":"https:\/\/svmindelzell.de\/index.php\/homeseite\/abteilungen\/abteilung-leichtathletik\/","title":{"rendered":"Abteilung \u2013 Leichtathletik"},"content":{"rendered":"<div class=\"fusion-fullwidth fullwidth-box fusion-builder-row-1 fusion-flex-container has-pattern-background has-mask-background nonhundred-percent-fullwidth non-hundred-percent-height-scrolling\" style=\"--awb-border-radius-top-left:0px;--awb-border-radius-top-right:0px;--awb-border-radius-bottom-right:0px;--awb-border-radius-bottom-left:0px;--awb-padding-bottom:30px;--awb-margin-top:20px;--awb-flex-wrap:wrap;\" ><div class=\"fusion-builder-row fusion-row fusion-flex-align-items-flex-start fusion-flex-content-wrap\" style=\"max-width:1248px;margin-left: calc(-4% \/ 2 );margin-right: calc(-4% \/ 2 );\"><div class=\"fusion-layout-column fusion_builder_column fusion-builder-column-0 fusion_builder_column_1_1 1_1 fusion-flex-column\" style=\"--awb-bg-size:cover;--awb-width-large:100%;--awb-margin-top-large:-25px;--awb-spacing-right-large:1.92%;--awb-margin-bottom-large:0px;--awb-spacing-left-large:1.92%;--awb-width-medium:100%;--awb-order-medium:0;--awb-spacing-right-medium:1.92%;--awb-spacing-left-medium:1.92%;--awb-width-small:100%;--awb-order-small:0;--awb-spacing-right-small:1.92%;--awb-spacing-left-small:1.92%;\" data-scroll-devices=\"small-visibility,medium-visibility,large-visibility\"><div class=\"fusion-column-wrapper fusion-column-has-shadow fusion-flex-justify-content-flex-start fusion-content-layout-column\"><section style=\"margin: 60px 0;\">\n  <h2 style=\"color: #000;\">Leichtathletik<\/h2>\n  <p style=\"color: #000;\">Das Laufen ist seit \u00fcber 30 Jahren ein fester Bestandteil im Sportangebot beim SV Mindelzell. In den Jahren konnten sowohl im Damen- als auch Herrenbereich einige gro\u00dfe Erfolge vom Landkreislauf \u00fcber Schw\u00e4bische Meisterschaften bis hin zum (Halb-)Marathon erlaufen werden. Neben Laufgruppen verschiedener Distanz- und Geschwindigkeitsstufen gibt es mittlerweile auch eine Nordic-Walkinggruppe. \n<\/p>\n\n  <div style=\"display: flex; flex-wrap: wrap; gap: 30px; max-width: 1300px; margin: 40px auto;\">\n    <!-- Abteilungsleiter -->\n    <div style=\"flex: 1 1 400px; background: #fff; border-radius: 10px; padding: 20px; box-shadow: 0 4px 12px rgba(0,0,0,0.1);\">\n      <h3 style=\"color: #000;\">Abteilungsleiterin<\/h3>\n      <p style=\"color: #000;\"><strong>Rebecca Laible<\/strong><br>\n        <a href=\"mailto:laufen@svmindelzell.de\" style=\"color: #f28e1c;\">laufen@svmindelzell.de<\/a><br>\n       <\/p>\n\n    <\/div>\n\n    <!-- Trainingszeiten -->\n    <div style=\"flex: 1 1 400px; background: #fff; border-radius: 10px; padding: 20px; box-shadow: 0 4px 12px rgba(0,0,0,0.1);\">\n      <h3 style=\"color: #000;\">Trainingszeiten<\/h3>\n      <p style=\"color: #000;\">\n        <strong>Wann:<\/strong> <br> Dienstag, 18.30 Uhr <br> vom 01.04. - 21.10.2025 <br>\n        <strong>Wo:<\/strong> Sportplatz Mindelzell\n      <\/p>\n    <\/div>\n  <\/div>\n\n\n\n  <!-- Jahresr\u00fcckblick -->\n<section style=\"max-width: 1400px; margin: 60px auto; color: #000;\">\n  <h2 style=\"color: #000;\">R\u00fcckblick & Erfolge der Leichtathletikabteilung<\/h2>\n\n  <h3 style=\"margin-top: 30px;\">Landkreislauf 2024 in Mindelzell<\/h3>\n  <p>Der SV Mindelzell war 2024 Ausrichter des Landkreislaufs \u2013 der Ablauf verlief reibungslos und die Resonanz war durchweg positiv. Ein herzliches Dankesch\u00f6n an alle Helferinnen und Helfer!<\/p>\n  <p>Es gingen 3 Herren-, 3 Damen- und 1 gemischte Mannschaft an den Start.<\/p>\n  <p><strong>Ergebnisse:<\/strong> Herren Platz 1, Damen Platz 2<\/p>\n\n  <h3 style=\"margin-top: 30px;\">Landkreislauf 2025<\/h3>\n  <p>Auch 2025 war der SV Mindelzell mit jeweils drei Damen- und Herrenmannschaften vertreten.<\/p>\n  <p><strong>Ergebnisse:<\/strong> Damen Platz 2, Herren Platz 2<\/p>\n\n  <h3 style=\"margin-top: 30px;\">Einzelleistungen unserer L\u00e4uferinnen und L\u00e4ufer<\/h3>\n  <ul style=\"padding-left: 20px;\">\n    <li><strong>Christian Schneider<\/strong>: 1. Platz AK beim Halbmarathon in Altenm\u00fcnster und am Gr\u00fcntensee. 52. Platz gesamt beim Gebirgslauf in Pfronten (103 km, 7.141 Hm)<\/li>\n    <li><strong>Diana Bucher<\/strong>: 3. Platz AK W45 beim LEW Halbmarathon Illertissen; Halbmarathon beim 3-L\u00e4nder-Marathon<\/li>\n    <li><strong>Stefan Lochbrunner<\/strong>: 1. Platz M55 beim 10\u202fkm Wehringer Wertachlauf (Schw\u00e4bischer Meister AK M55)<\/li>\n    <li><strong>Renate Singer<\/strong>: 15. Platz W55 beim K\u00f6ln Marathon 2024<\/li>\n    <li><strong>Sabine Biber<\/strong>: Halbmarathon beim 3-L\u00e4nder-Marathon<\/li>\n    <li><strong>Conny Miller<\/strong>: Viertelmarathon beim 3-L\u00e4nder-Marathon<\/li>\n  <\/ul>\n<\/section>\n    \n<h3 Landkreislauf 2025<\/h3> Wir freuen uns auf jeden motivierten L\u00e4ufer und Walker.<\/h3>\n  <\/div>\n<\/section><\/div><\/div><\/div><\/div>\n","protected":false},"excerpt":{"rendered":"","protected":false},"author":1,"featured_media":0,"parent":248,"menu_order":0,"comment_status":"closed","ping_status":"closed","template":"100-width.php","meta":{"footnotes":""},"class_list":["post-117","page","type-page","status-publish","hentry"],"_links":{"self":[{"href":"https:\/\/svmindelzell.de\/index.php\/wp-json\/wp\/v2\/pages\/117","targetHints":{"allow":["GET"]}}],"collection":[{"href":"https:\/\/svmindelzell.de\/index.php\/wp-json\/wp\/v2\/pages"}],"about":[{"href":"https:\/\/svmindelzell.de\/index.php\/wp-json\/wp\/v2\/types\/page"}],"author":[{"embeddable":true,"href":"https:\/\/svmindelzell.de\/index.php\/wp-json\/wp\/v2\/users\/1"}],"replies":[{"embeddable":true,"href":"https:\/\/svmindelzell.de\/index.php\/wp-json\/wp\/v2\/comments?post=117"}],"version-history":[{"count":15,"href":"https:\/\/svmindelzell.de\/index.php\/wp-json\/wp\/v2\/pages\/117\/revisions"}],"predecessor-version":[{"id":869,"href":"https:\/\/svmindelzell.de\/index.php\/wp-json\/wp\/v2\/pages\/117\/revisions\/869"}],"up":[{"embeddable":true,"href":"https:\/\/svmindelzell.de\/index.php\/wp-json\/wp\/v2\/pages\/248"}],"wp:attachment":[{"href":"https:\/\/svmindelzell.de\/index.php\/wp-json\/wp\/v2\/media?parent=117"}],"curies":[{"name":"wp","href":"https:\/\/api.w.org\/{rel}","templated":true}]}}

<div class="fusion-fullwidth fullwidth-box fusion-builder-row-1 fusion-flex-container has-pattern-background has-mask-background nonhundred-percent-fullwidth non-hundred-percent-height-scrolling" style="--awb-border-radius-top-left:0px;--awb-border-radius-top-right:0px;--awb-border-radius-bottom-right:0px;--awb-border-radius-bottom-left:0px;--awb-padding-bottom:30px;--awb-margin-top:20px;--awb-flex-wrap:wrap;" ><div class="fusion-builder-row fusion-row fusion-flex-align-items-flex-start fusion-flex-content-wrap" style="max-width:1248px;margin-left: calc(-4% / 2 );margin-right: calc(-4% / 2 );"><div class="fusion-layout-column fusion_builder_column fusion-builder-column-0 fusion_builder_column_1_1 1_1 fusion-flex-column" style="--awb-bg-size:cover;--awb-width-large:100%;--awb-margin-top-large:-25px;--awb-spacing-right-large:1.92%;--awb-margin-bottom-large:0px;--awb-spacing-left-large:1.92%;--awb-width-medium:100%;--awb-order-medium:0;--awb-spacing-right-medium:1.92%;--awb-spacing-left-medium:1.92%;--awb-width-small:100%;--awb-order-small:0;--awb-spacing-right-small:1.92%;--awb-spacing-left-small:1.92%;" data-scroll-devices="small-visibility,medium-visibility,large-visibility"><div class="fusion-column-wrapper fusion-column-has-shadow fusion-flex-justify-content-flex-start fusion-content-layout-column"><section style="margin: 60px 0;">
  <h2 style="color: #000;">Leichtathletik</h2>
  <p style="color: #000;">Das Laufen ist seit über 30 Jahren ein fester Bestandteil im Sportangebot beim SV Mindelzell. In den Jahren konnten sowohl im Damen- als auch Herrenbereich einige große Erfolge vom Landkreislauf über Schwäbische Meisterschaften bis hin zum (Halb-)Marathon erlaufen werden. Neben Laufgruppen verschiedener Distanz- und Geschwindigkeitsstufen gibt es mittlerweile auch eine Nordic-Walkinggruppe. 
</p>

  <div style="display: flex; flex-wrap: wrap; gap: 30px; max-width: 1300px; margin: 40px auto;">
    <!-- Abteilungsleiter -->
    <div style="flex: 1 1 400px; background: #fff; border-radius: 10px; padding: 20px; box-shadow: 0 4px 12px rgba(0,0,0,0.1);">
      <h3 style="color: #000;">Abteilungsleiterin</h3>
      <p style="color: #000;"><strong>Rebecca Laible</strong><br>
        <a href="mailto:laufen@svmindelzell.de" style="color: #f28e1c;">laufen@svmindelzell.de</a><br>
       </p>

    </div>

    <!-- Trainingszeiten -->
    <div style="flex: 1 1 400px; background: #fff; border-radius: 10px; padding: 20px; box-shadow: 0 4px 12px rgba(0,0,0,0.1);">
      <h3 style="color: #000;">Trainingszeiten</h3>
      <p style="color: #000;">
        <strong>Wann:</strong> <br> Dienstag, 18.30 Uhr <br> vom 01.04. - 21.10.2025 <br>
        <strong>Wo:</strong> Sportplatz Mindelzell
      </p>
    </div>
  </div>



  <!-- Jahresrückblick -->
<section style="max-width: 1400px; margin: 60px auto; color: #000;">
  <h2 style="color: #000;">Rückblick & Erfolge der Leichtathletikabteilung</h2>

  <h3 style="margin-top: 30px;">Landkreislauf 2024 in Mindelzell</h3>
  <p>Der SV Mindelzell war 2024 Ausrichter des Landkreislaufs – der Ablauf verlief reibungslos und die Resonanz war durchweg positiv. Ein herzliches Dankeschön an alle Helferinnen und Helfer!</p>
  <p>Es gingen 3 Herren-, 3 Damen- und 1 gemischte Mannschaft an den Start.</p>
  <p><strong>Ergebnisse:</strong> Herren Platz 1, Damen Platz 2</p>

  <h3 style="margin-top: 30px;">Landkreislauf 2025</h3>
  <p>Auch 2025 war der SV Mindelzell mit jeweils drei Damen- und Herrenmannschaften vertreten.</p>
  <p><strong>Ergebnisse:</strong> Damen Platz 2, Herren Platz 2</p>

  <h3 style="margin-top: 30px;">Einzelleistungen unserer Läuferinnen und Läufer</h3>
  <ul style="padding-left: 20px;">
    <li><strong>Christian Schneider</strong>: 1. Platz AK beim Halbmarathon in Altenmünster und am Grüntensee. 52. Platz gesamt beim Gebirgslauf in Pfronten (103 km, 7.141 Hm)</li>
    <li><strong>Diana Bucher</strong>: 3. Platz AK W45 beim LEW Halbmarathon Illertissen; Halbmarathon beim 3-Länder-Marathon</li>
    <li><strong>Stefan Lochbrunner</strong>: 1. Platz M55 beim 10 km Wehringer Wertachlauf (Schwäbischer Meister AK M55)</li>
    <li><strong>Renate Singer</strong>: 15. Platz W55 beim Köln Marathon 2024</li>
    <li><strong>Sabine Biber</strong>: Halbmarathon beim 3-Länder-Marathon</li>
    <li><strong>Conny Miller</strong>: Viertelmarathon beim 3-Länder-Marathon</li>
  </ul>
</section>
    
<h3 Landkreislauf 2025</h3> Wir freuen uns auf jeden motivierten Läufer und Walker.</h3>
  </div>
</section></div></div></div></div>
