{"id":135,"date":"2025-05-28T19:45:01","date_gmt":"2025-05-28T19:45:01","guid":{"rendered":"https:\/\/development3.frank-miller.gmbh\/?page_id=135"},"modified":"2026-01-14T12:46:00","modified_gmt":"2026-01-14T12:46:00","slug":"abteilung-eishockey","status":"publish","type":"page","link":"https:\/\/svmindelzell.de\/index.php\/homeseite\/abteilungen\/abteilung-eishockey\/","title":{"rendered":"Abteilung \u2013 Eishockey"},"content":{"rendered":"<div class=\"fusion-fullwidth fullwidth-box fusion-builder-row-1 fusion-flex-container has-pattern-background has-mask-background nonhundred-percent-fullwidth non-hundred-percent-height-scrolling\" style=\"--awb-border-radius-top-left:0px;--awb-border-radius-top-right:0px;--awb-border-radius-bottom-right:0px;--awb-border-radius-bottom-left:0px;--awb-padding-bottom:30px;--awb-margin-top:20px;--awb-flex-wrap:wrap;\" ><div class=\"fusion-builder-row fusion-row fusion-flex-align-items-flex-start fusion-flex-content-wrap\" style=\"max-width:1248px;margin-left: calc(-4% \/ 2 );margin-right: calc(-4% \/ 2 );\"><div class=\"fusion-layout-column fusion_builder_column fusion-builder-column-0 fusion_builder_column_1_1 1_1 fusion-flex-column\" style=\"--awb-bg-size:cover;--awb-width-large:100%;--awb-margin-top-large:-25px;--awb-spacing-right-large:1.92%;--awb-margin-bottom-large:0px;--awb-spacing-left-large:1.92%;--awb-width-medium:100%;--awb-order-medium:0;--awb-spacing-right-medium:1.92%;--awb-spacing-left-medium:1.92%;--awb-width-small:100%;--awb-order-small:0;--awb-spacing-right-small:1.92%;--awb-spacing-left-small:1.92%;\" data-scroll-devices=\"small-visibility,medium-visibility,large-visibility\"><div class=\"fusion-column-wrapper fusion-column-has-shadow fusion-flex-justify-content-flex-start fusion-content-layout-column\"><section style=\"margin: 60px 0;\">\n  <h2 style=\"color: #000;\">Eishockey<\/h2>\n\n  <div style=\"display: flex; flex-wrap: wrap; gap: 30px; align-items: flex-start; max-width: 1300px; margin: 40px auto;\">\n    <!-- Abteilungsleiter -->\n    <div style=\"flex: 1 1 300px; background: #fff; border-radius: 10px; padding: 20px; box-shadow: 0 4px 12px rgba(0,0,0,0.1);\">\n      <h3 style=\"color: #000;\">Abteilungsleiter<\/h3>\n      <p style=\"color: #000;\"><strong>Sascha Fellenberg<\/strong><br>\n        <a href=\"mailto: eishockey@svmindelzell.de\" style=\"color: #f28e1c;\">eishockey@svmindelzell.de<\/a><br>\n\t0163-6366972\n       <\/p>\n    <\/div>\n           <div style=\"color: #000;flex: 1 1 600px;\"> Die Abteilung Eishockey existiert bereits seit \u00fcber 20 Jahren. Nachdem Holger Ott das Amt vor einigen Jahren an Sascha Fellenberg \u00fcbergeben hat, spielen die \u201eZeller Mustangs\u201c nunmehr seit f\u00fcnf Jahren im \u201eHobby Hockey Cup T\u00fcrkheim\u201c gegen andere Teams aus den Landkreisen Augsburg, Unterallg\u00e4u und Landsberg. Circa 20 aktive Spieler \u00fcben von Oktober bis M\u00e4rz Deutschland\u2019s Sportart Nummer zwei aus.\n<\/div>\n \n\n          \n\n    <!-- Trainingszeiten -->\n    <div style=\"flex: 1 1 900px; background: #fff; border-radius: 10px; padding: 20px; box-shadow: 0 4px 12px rgba(0,0,0,0.1);\">\n      <h3 style=\"color: #000;\">Eiszeiten 2025\/26 <\/h3>\n      <p style=\"color: #000;\">\n          <div style=\"overflow-x: auto;\">\n    <table style=\"width: 100%; border-collapse: collapse; font-family: Poppins; color: #000; background-color: #fff; border-radius: 10px; overflow: hidden; box-shadow: 0 4px 12px rgba(0,0,0,0.1);\">\n      <thead style=\"background-color: #f28e1c; color: #fff;\">\n        <tr>\n          <th style=\"padding: 12px; text-align: left;\">Datum<\/th>\n          <th style=\"padding: 2px; text-align: left;\">Uhrzeit<\/th>\n          <th style=\"padding: 2px; text-align: left;\">Ort<\/th>\n          <th style=\"padding: 2px; text-align: left;\">Gegner<\/th>\n        <\/tr>\n      <\/thead>\n      <tbody>\n        <tr><td style=\"padding: 12px;\">Sonntag, 19.10.25<\/td><td>19.45 Uhr<\/td><td>T\u00fcrkheim<\/td><td>MC Mikado Mauerstetten 1b<\/td><\/tr>\n        <tr style=\"background-color: #f9f9f9;\"><td style=\"padding: 12px;\">Sonntag, 26.10.25<\/td><td>18.15 Uhr<\/td><td>T\u00fcrkheim<\/td><td>Flying Ducks<\/td><\/tr>\n        <tr><td style=\"padding: 12px;\">Samstag, 15.11.25<\/td><td>20.30 Uhr<\/td><td>T\u00fcrkheim<\/td><td> Elbsee Haie Aitrang 1b<\/td><\/tr>\n        <tr style=\"background-color: #f9f9f9;\"><td style=\"padding: 12px;\">Sonntag, 30.11.25<\/td><td>16.10 Uhr<\/td><td>Bad W\u00f6rishofen<\/td><td>Lauchdorf 1b<\/td><\/tr>\n        <tr><td style=\"padding: 12px;\">Sonntag, 04.01.26<\/td><td>10.00 Uhr<\/td><td>T\u00fcrkheim<\/td><td>Stauden Wild Hedgehogs<\/td><\/tr>\n        <tr style=\"background-color: #f9f9f9;\"><td style=\"padding: 12px;\">Sonntag, 18.01.26<\/td><td>11.00 Uhr<\/td><td>T\u00fcrkheim<\/td><td>Training<\/td><\/tr>\n        <tr><td style=\"padding: 12px;\">Sonntag, 08.02.26<\/td><td>19.15 Uhr<\/td><td>T\u00fcrkheim<\/td><td>Training<\/td><\/tr>\n        <tr style=\"background-color: #f9f9f9;\"><td style=\"padding: 12px;\">Sonntag, 22.02.26<\/td><td>21.15 Uhr<\/td><td>T\u00fcrkheim<\/td><td>Waldler Buam<\/td><\/tr>\n        <tr><td style=\"padding: 12px;\">Samstag, 07.03.26<\/td><td>10.00 Uhr<\/td><td>T\u00fcrkheim<\/td><td>Abschlussturnier<\/td><\/tr>\n      <\/tbody>\n    <\/table>\n  <\/div>\n  <a href=\"https:\/\/www.mikado-hockey.de\/hockey-hobby-cup\/\" \n     target=\"_blank\" \n     style=\"color: #f28e1c; text-decoration: underline;\">\n    Ergebnisse & Spielpl\u00e4ne unter Hockey Hobby Cup\n  <\/a>\n    <\/div>\n  <\/div>\n          \n          \n<section style=\"margin: 60px 0;\">\n       \n  <!-- Jahresr\u00fcckblick 2024\/2025 -->\n  <div style=\"max-width: 900px; margin: 60px auto; color: #000;\">\n    <h3 style=\"color: #000;\">R\u00fcckblick Saison 2024-2025: Mustangs verteidigen den Titel<\/h3>\n <p style=\"color: #000;\">Die Zeller Mustangs sind erneut Meister im \u201eHobby Hockey Cup\u201c T\u00fcrkheim und verteidigen damit den Titel. Der entscheidende Sieg gelang Ende Januar vor der Rekordkulisse von ca. 50 Zuschauern gegen die SG Eistiger Lauchdorf. In einem spannenden und guten Spiel zweier bis dato ungeschlagenen Teams war der SVM die etwas bessere Mannschaft und erspielte sich einige gute M\u00f6glichkeiten. Es dauerte lange, ehe man dann endlich den starken G\u00e4stekeeper \u00fcberwinden konnte. Mit dem zweiten und dritten Tor kurz nach der Halbzeit stellte man die Weichen dann endg\u00fcltig auf Sieg. Andreas Ziegler zeigte im Zeller Tor eine \u00fcberragende Leistung und lie\u00df keinen einzigen Gegentreffer zu. So brachte man den ben\u00f6tigten Drei-Punkte-Sieg dann \u00fcber die Zeit und durfte nach dem Schlusspfiff ausgiebig mit dem eigenen Anhang feiern. Platz eins war somit schon sicher, im letzten und unbedeutenden Spiel setzte es gegen die Elbsee Haie Aitrang 1b eine Niederlage im Penaltyschie\u00dfen, immerhin brachte das Unentschieden nach der regul\u00e4ren Spielzeit einen Punkt. Die Eishockeyabteilung des SV Mindelzell um Abteilungsleiter und Spielertrainer Sascha Fellenberg befindet sich seit Mitte M\u00e4rz in der Sommerpause und greift ab Oktober wieder an. Abschlie\u00dfend vielen Dank an den SV Mindelzell, unsere Fans und die HHC-Leitung f\u00fcr die tolle Organisation unserer Runde!<\/p>\n\n   <div style=\"text-align: center;\">\n  <img decoding=\"async\" src=\"https:\/\/svmindelzell.de\/wp-content\/uploads\/2025\/08\/9beadf28-c492-421c-b3d9-d8e8bbfc2253.jpg\" alt=\"Eishockey\"\n       style=\"width: 1200px; height: auto; border-radius: 8px; margin-bottom: 15px;\">\n<\/div>   \n  <\/div>\n     <h3 style=\"color: #000;text-align: center;\">Interessiert? \u2013 Melde dich gerne bei uns! <\/h3>\n  <\/div>\n<\/section><\/div><\/div><\/div><\/div>\n","protected":false},"excerpt":{"rendered":"","protected":false},"author":1,"featured_media":0,"parent":248,"menu_order":0,"comment_status":"closed","ping_status":"closed","template":"100-width.php","meta":{"footnotes":""},"class_list":["post-135","page","type-page","status-publish","hentry"],"_links":{"self":[{"href":"https:\/\/svmindelzell.de\/index.php\/wp-json\/wp\/v2\/pages\/135","targetHints":{"allow":["GET"]}}],"collection":[{"href":"https:\/\/svmindelzell.de\/index.php\/wp-json\/wp\/v2\/pages"}],"about":[{"href":"https:\/\/svmindelzell.de\/index.php\/wp-json\/wp\/v2\/types\/page"}],"author":[{"embeddable":true,"href":"https:\/\/svmindelzell.de\/index.php\/wp-json\/wp\/v2\/users\/1"}],"replies":[{"embeddable":true,"href":"https:\/\/svmindelzell.de\/index.php\/wp-json\/wp\/v2\/comments?post=135"}],"version-history":[{"count":15,"href":"https:\/\/svmindelzell.de\/index.php\/wp-json\/wp\/v2\/pages\/135\/revisions"}],"predecessor-version":[{"id":1021,"href":"https:\/\/svmindelzell.de\/index.php\/wp-json\/wp\/v2\/pages\/135\/revisions\/1021"}],"up":[{"embeddable":true,"href":"https:\/\/svmindelzell.de\/index.php\/wp-json\/wp\/v2\/pages\/248"}],"wp:attachment":[{"href":"https:\/\/svmindelzell.de\/index.php\/wp-json\/wp\/v2\/media?parent=135"}],"curies":[{"name":"wp","href":"https:\/\/api.w.org\/{rel}","templated":true}]}}